factors of 25302517?
25302517
What are the prime factors of 261018?
2, 3, 17, 853
List the prime factors of 263526.
2, 3, 167, 263
List the prime factors of 470079.
3, 19, 2749
List the prime factors of 982445.
5, 23, 8543
List the prime factors of 396891.
3, 11, 19, 211
List the prime factors of 9989815.
5, 11, 37, 4909
What are the prime factors of 1880120?
2, 5, 11, 4273
List the prime factors of 1226734.
2, 613367
List the prime factors of 181502.
2, 151, 601
List the prime factors of 1066147.
19, 56113
List the prime factors of 1505026.
2, 752513
What are the prime factors of 7345709?
7, 1049387
List the prime factors of 6723148.
2, 1680787
List the prime factors of 224132.
2, 137, 409
List the prime factors of 1190871.
3, 11, 23, 523
What are the prime factors of 1583808?
2, 3, 73, 113
What are the prime factors of 338348?
2, 251, 337
What are the prime factors of 1318072?
2, 7, 23537
What are the prime factors of 14201384?
2, 1775173
List the prime factors of 2175586.
2, 7, 155399
What are the prime factors of 16941604?
2, 4235401
List the prime factors of 681170.
2, 5, 7, 37, 263
What are the prime factors of 1283649?
3, 427883
What are the prime factors of 6982951?
6982951
What are the prime factors of 1500759?
3, 13, 101, 127
List the prime factors of 1781725.
5, 11, 19, 31
List the prime factors of 25163145.
3, 5, 7, 17, 37, 127
What are the prime factors of 10498638?
2, 3, 29, 60337
List the prime factors of 534196.
2, 13, 10273
List the prime factors of 264531.
3, 88177
What are the prime factors of 81484?
2, 13, 1567
List the prime factors of 2170691.
229, 9479
What are the prime factors of 3148612?
2, 787153
What are the prime factors of 1693661?
1693661
What are the prime factors of 55465?
5, 11093
What are the prime factors of 763807?
11, 23, 3019
What are the prime factors of 723971?
23, 31477
List the prime factors of 270552.
2, 3, 11273
List the prime factors of 5792132.
2, 227, 6379
What are the prime factors of 139379?
37, 3767
What are the prime factors of 29425?
5, 11, 107
List the prime factors of 159999.
3, 7, 19, 401
List the prime factors of 836865.
3, 5, 6199
What are the prime factors of 40060171?
67, 419, 1427
List the prime factors of 566307.
3, 7, 89, 101
List the prime factors of 2219721.
3, 7, 105701
List the prime factors of 67918.
2, 29, 1171
What are the prime factors of 9208207?
89, 157, 659
What are the prime factors of 46645?
5, 19, 491
What are the prime factors of 715711?
19, 139, 271
List the prime factors of 616286.
2, 11, 109, 257
What are the prime factors of 1428638?
2, 701, 1019
List the prime factors of 110996.
2, 27749
What are the prime factors of 6083049?
3, 7, 289669
List the prime factors of 190419.
3, 63473
What are the prime factors of 294673?
294673
List the prime factors of 6415935.
3, 5, 619, 691
What are the prime factors of 284345?
5, 29, 37, 53
What are the prime factors of 208240?
2, 5, 19, 137
What are the prime factors of 26612056?
2, 3326507
What are the prime factors of 169256?
2, 21157
What are the prime factors of 2467056?
2, 3, 103, 499
List the prime factors of 259118.
2, 23, 43, 131
What are the prime factors of 13969058?
2, 47, 173, 859
What are the prime factors of 44709?
3, 7, 2129
List the prime factors of 985334.
2, 7, 70381
List the prime factors of 1121093.
1121093
List the prime factors of 10836731.
43, 252017
List the prime factors of 279646.
2, 37, 3779
List the prime factors of 4494404.
2, 1123601
List the prime factors of 2870403.
3, 956801
What are the prime factors of 10957406?
2, 5478703
List the prime factors of 10453463.
10453463
What are the prime factors of 7422089?
37, 200597
What are the prime factors of 5992368?
2, 3, 127, 983
What are the prime factors of 692980?
2, 5, 34649
What are the prime factors of 21657253?
21657253
List the prime factors of 321991.
321991
List the prime factors of 111901.
317, 353
List the prime factors of 628228.
2, 157057
List the prime factors of 759449.
19, 39971
What are the prime factors of 19365427?
19, 193, 5281
What are the prime factors of 532776?
2, 3, 79, 281
List the prime factors of 706140.
2, 3, 5, 3923
What are the prime factors of 432490?
2, 5, 61, 709
List the prime factors of 4583454.
2, 3, 151, 5059
List the prime factors of 536351.
19, 28229
What are the prime factors of 345837?
3, 115279
What are the prime factors of 603461?
29, 20809
What are the prime factors of 238173?
3, 13, 31, 197
What are the prime factors of 146731?
13, 11287
List the prime factors of 10336837.
7, 1476691
What are the prime factors of 576087?
3, 192029
What are the prime factors of 1177660?
2, 5, 11, 53, 101
What are the prime factors of 512599?
173, 2963
What are the prime factors of 24422101?
11, 41, 54151
What are the prime factors of 79253?
41, 1933
What are the prime factors of 837510?
2, 3, 5, 27917
What are the prime factors of 25172752?
2, 11, 157, 911
What are the prime factors of 828105?
3, 5, 55207
What are the prime factors of 5544600?
2, 3, 5, 9241
List the prime factors of 3448156.
2, 97, 8887
List the prime factors of 146391.
3, 7, 6971
List the prime factors of 34184613.
3, 43, 264997
List the prime factors of 10809929.
13, 101, 8233
List the prime factors of 537580.
2, 5, 26879
What are the prime factors of 128584?
2, 16073
What are the prime factors of 303183?
3, 19, 197
List the prime factors of 1908732.
2, 3, 7, 31, 733
What are the prime factors of 213750?
2, 3, 5, 19
List the prime factors of 11834949.
3, 7, 23, 107, 229
List the prime factors of 1804700.
2, 5, 18047
List the prime factors of 1625441.
149, 10909
List the prime factors of 893094.
2, 3, 47, 3167
List the prime factors of 759008.
2, 23719
What are the prime factors of 131347?
19, 31, 223
What are the prime factors of 2372280?
2, 3, 5, 53, 373
List the prime factors of 17420125.
5, 139361
List the prime factors of 78015.
3, 5, 7, 743
List the prime factors of 14148628.
2, 13, 241, 1129
List the prime factors of 222072.
2, 3, 19, 487
List the prime factors of 70526.
2, 179, 197
List the prime factors of 6676577.
109, 61253
List the prime factors of 1138240.
2, 5, 3557
What are the prime factors of 2124427?
131, 16217
What are the prime factors of 6320478?
2, 3, 41, 25693
List the prime factors of 14055803.
31, 61, 7433
List the prime factors of 779366.
2, 7, 179, 311
List the prime factors of 6619537.
61, 108517
List the prime factors of 68920.
2, 5, 1723
List the prime factors of 17271406.
2, 977, 8839
List the prime factors of 11513394.
2, 3, 101, 2111
What are the prime factors of 443270?
2, 5, 19, 2333
List the prime factors of 5855657.
37, 158261
List the prime factors of 637281.
3, 23603
What are the prime factors of 2737763?
7, 421, 929
List the prime factors of 1376700.
2, 3, 5, 13, 353
List the prime factors of 24720733.
31, 139, 5737
What are the prime factors of 8226799?
7, 1175257
List the prime factors of 11189367.
3, 7, 73, 811
List the prime factors of 130158.
2, 3, 7, 1033
What are the prime factors of 6945393?
3, 7, 13, 19, 103
What are the prime factors of 94551?
3, 31517
What are the prime factors of 79635?
3, 5, 5309
What are the prime factors of 7373041?
13, 23, 24659
What are the prime factors of 3279357?
3, 364373
What are the prime factors of 240441?
3, 80147
What are the prime factors of 103755?
3, 5, 6917
What are the prime factors of 238154?
2, 7, 17011
List the prime factors of 2680442.
2, 1340221
What are the prime factors of 3725996?
2, 931499
List the prime factors of 15233523.
3, 127, 39983
What are the prime factors of 4065217?
13, 312709
List the prime factors of 4452537.
3, 151, 9829
What are the prime factors of 20792754?
2, 3, 31, 12421
List the prime factors of 15554142.
2, 3, 864119
List the prime factors of 20687.
137, 151
List the prime factors of 173909.
173909
List the prime factors of 703038.
2, 3, 7, 19, 881
List the prime factors of 2305175.
5, 19, 23, 211
What are the prime factors of 117051?
3, 11, 3547
List the prime factors of 133572.
2, 3, 11131
What are the prime factors of 180646?
2, 41, 2203
List the prime factors of 215745.
3, 5, 19, 757
What are the prime factors of 69976?
2, 8747
What are the prime factors of 1499049?
3, 166561
List the prime factors of 90514.
2, 167, 271
What are the